{"id":54,"date":"2014-03-06T21:02:09","date_gmt":"2014-03-06T20:02:09","guid":{"rendered":"http:\/\/spansktboende.se\/?page_id=54"},"modified":"2022-01-02T20:48:24","modified_gmt":"2022-01-02T19:48:24","slug":"startsida","status":"publish","type":"page","link":"https:\/\/spansktboende.se\/","title":{"rendered":"Ditt hem i Solen"},"content":{"rendered":"<h3>V\u00e4lkommen till Spanskt boende!<\/h3>\n<p>Vi har m\u00e5nga \u00e5rs erfarenhet med f\u00f6rs\u00e4ljning h\u00e4r nere p\u00e5 solkusten Costa Blanca, med kontor i centrala Torrevieja. Vi v\u00e4ljer att jobba med de b\u00e4sta byggherrarna.<\/p>\n<p>I denna djungel av f\u00f6retag som erbjuder f\u00f6rs\u00e4ljning kan man l\u00e4tt bli villr\u00e5dig vem man ska handla av eller har n\u00e5gon n\u00e5got\u00a0som de andra inte har.\u00a0Vi hj\u00e4lper till\u00a0att hitta ditt dr\u00f6mboende och inte mardr\u00f6msboende. Att ta kontakt med oss s\u00e5 missar du inte n\u00e5got, vi har samarbete med de flesta och v\u00e4ljer vilka vi samarbetar med.<\/p>\n<p>Vi har alla kunskaper man beh\u00f6ver n\u00e4r det g\u00e4ller banker, advokater och lagar, vilket \u00e4r mycket viktigt att vid k\u00f6p f\u00e5 hj\u00e4lp f\u00f6re, under och efter.<\/p>\n<p>Kontakta oss f\u00f6r k\u00f6p av l\u00e4genheter, hus, hotell, mark och f\u00f6retagsverksamhet. Vi s\u00e4ljer allt fr\u00e5n Nybyggt till Re-sale. Om du inte hittar ett objekt eller ett omr\u00e5de som passar dig s\u00e5 kom g\u00e4rna med dina f\u00f6rslag och \u00f6nskem\u00e5l till oss s\u00e5 hj\u00e4lper vi dig med s\u00f6kandet! Att k\u00f6pa ett Resale \u00e4r inte alltid billigare s\u00e5 l\u00e5t oss visa vad som erbjuds. L\u00e4s mer under flikarna..<\/p>\n<hr \/>\n<p><em>titta g\u00e4rna in p\u00e5 v\u00e5r facebooksida klicka p\u00e5 loggan<\/em><\/p>\n<p><a href=\"https:\/\/www.facebook.com\/Spanskt-boende-252926421580051\/\"><img loading=\"lazy\" decoding=\"async\" class=\"size-full wp-image-443 alignleft\" src=\"Http:\/\/spansktboende.se\/wp-content\/uploads\/2020\/03\/facebook.png\" alt=\"\" width=\"225\" height=\"225\" srcset=\"https:\/\/spansktboende.se\/wp-content\/uploads\/2020\/03\/facebook.png 225w, https:\/\/spansktboende.se\/wp-content\/uploads\/2020\/03\/facebook-150x150.png 150w\" sizes=\"(max-width: 225px) 100vw, 225px\" \/><\/a><\/p>\n","protected":false},"excerpt":{"rendered":"<p>V\u00e4lkommen till Spanskt boende! Vi har m\u00e5nga \u00e5rs erfarenhet med f\u00f6rs\u00e4ljning h\u00e4r nere p\u00e5 solkusten Costa Blanca, med kontor i centrala Torrevieja. Vi v\u00e4ljer att jobba med de b\u00e4sta byggherrarna. I denna djungel av f\u00f6retag som erbjuder f\u00f6rs\u00e4ljning kan man l\u00e4tt bli villr\u00e5dig vem man ska handla av eller har n\u00e5gon n\u00e5got\u00a0som de andra inte&hellip; <a class=\"more-link\" href=\"https:\/\/spansktboende.se\/\">L\u00e4s mer <span class=\"screen-reader-text\">Ditt hem i Solen<\/span><\/a><\/p>\n","protected":false},"author":2,"featured_media":0,"parent":0,"menu_order":0,"comment_status":"closed","ping_status":"open","template":"","meta":{"footnotes":""},"_links":{"self":[{"href":"https:\/\/spansktboende.se\/index.php?rest_route=\/wp\/v2\/pages\/54"}],"collection":[{"href":"https:\/\/spansktboende.se\/index.php?rest_route=\/wp\/v2\/pages"}],"about":[{"href":"https:\/\/spansktboende.se\/index.php?rest_route=\/wp\/v2\/types\/page"}],"author":[{"embeddable":true,"href":"https:\/\/spansktboende.se\/index.php?rest_route=\/wp\/v2\/users\/2"}],"replies":[{"embeddable":true,"href":"https:\/\/spansktboende.se\/index.php?rest_route=%2Fwp%2Fv2%2Fcomments&post=54"}],"version-history":[{"count":35,"href":"https:\/\/spansktboende.se\/index.php?rest_route=\/wp\/v2\/pages\/54\/revisions"}],"predecessor-version":[{"id":465,"href":"https:\/\/spansktboende.se\/index.php?rest_route=\/wp\/v2\/pages\/54\/revisions\/465"}],"wp:attachment":[{"href":"https:\/\/spansktboende.se\/index.php?rest_route=%2Fwp%2Fv2%2Fmedia&parent=54"}],"curies":[{"name":"wp","href":"https:\/\/api.w.org\/{rel}","templated":true}]}}